
What is the value of 1 + 1 + -1 + -6 + 4?
-1
Evaluate -7 - (-1 + 1 + 1 + -5).
-3
What is -6 + 4 - (7 - 2)?
-7
What is the value of 3 + (8 - 20 - -6)?
-3
0 - 2 - (1 - (3 - 1))
-1
What is the value of 1 + 3 - 3 - (2 + -1)?
0
Calculate (-2 - -3) + (-11 - (3 + -19)).
6
Calculate 2 + (-4 - (-15 - -10)).
3
0 + -6 - -10 - -2 - -1
7
Calculate 3 - (8 + (4 - 6)).
-3
(0 - 5) + -2 + (1 - -3)
-3
Calculate (-15 - -12) + (-2 - (-1 - 1)).
-3
What is 0 + -1 + (-2 - (2 + -5))?
0
Calculate -1 + 2 - (7 - 4).
-2
What is the value of -1 - -3 - (-31 - -29)?
4
Calculate (-15 - -21) + (-4 - 2).
0
Evaluate 4 + -7 + 2 + 2.
1
What is the value of (3 - 5) + 4 + 0 + 1?
3
-4 - -13 - 7 - 2
0
Calculate -3 + -7 + (4 - -1).
-5
(3 - (-5 + 4)) + -3
1
Evaluate 1 - (6 - (7 - 8)).
-6
Calculate (18 - 18) + 1 + 0.
1
(-7 - 5 - -9) + (-4 - -1)
-6
Evaluate (-1 - (-4 - -6)) + -3 + 3.
-3
Evaluate 3 - ((11 - 5) + -3 - -8).
-8
0 - (3 - 1) - (-6 - -3)
1
(-11 - -21 - 8) + -8
-6
What is the value of (1 - -1) + -2 - (23 - 20)?
-3
Calculate (5 + -18 - -2) + 6.
-5
-2 - -18 - (10 - 4)
10
Evaluate 1 + (3 - (2 + 5)).
-3
What is the value of -5 - -4 - (0 + 1)?
-2
What is (1 - 1 - 1) + 17 + -15?
1
Evaluate (7 - (0 + 3)) + 3.
7
What is -5 + 8 - (2 - 1)?
2
What is the value of -6 - (-27 + 8 + 2)?
11
2 + 1 - (36 - 36)
3
What is -7 + -10 - -6 - -9?
-2
Evaluate -3 + 5 - -6 - 6.
2
Calculate 1 + (3 - (-2 - -1)).
5
What is the value of (5 - (7 + 5 + -7)) + 0?
0
4 + -3 + (-4 - -9 - 2)
4
Calculate 8 - (7 + 0) - 1.
0
Evaluate 5 + -5 - (6 + -5).
-1
Evaluate 4 + (-9 - (-19 + 8)).
6
What is -6 + 4 - (-1 - -4 - -1)?
-6
-1 + 1 + (7 - 11 - -3)
-1
Evaluate -2 + 4 + (9 - 11).
0
What is the value of 0 + 1 - (7 + -5)?
-1
What is the value of -2 - (-3 + 4) - -6?
3
(-3 - 0 - (-28 + 29)) + 6
2
What is -6 + 5 + 10 + -2?
7
What is -2 + 1 + 4 + (3 - 1)?
5
What is the value of 0 + (2 + -6 + 0 - -6)?
2
Calculate (1 - -4) + (-3 - 6 - -3).
-1
Evaluate -7 - (-8 + 6 - 4).
-1
Calculate 0 + -4 - (-2 + -7).
5
-2 + (-4 - (3 - 5))
-4
What is the value of -27 + 8 + 9 + 19?
9
-5 + (7 - (15 - 6))
-7
Evaluate 3 + 4 + -5 + -8.
-6
What is the value of 7 + -1 - (-10 - (-24 - -8))?
0
2 - (-4 + -5 + 8)
3
Calculate 10 + 15 + -13 - 5.
7
What is the value of 1 + -1 + -1 + 0?
-1
Calculate (-4 - 2) + -2 + (3 - 0).
-5
5 - 12 - -3 - 1
-5
Evaluate -5 - -3 - -11 - (6 - 1).
4
What is 1 + -11 + -2 + 4?
-8
Calculate -16 + 6 - (-2 + -4).
-4
Calculate 1 + 1 - (1 - (-3 - -2)).
0
What is 4 - (2 + -5) - 6?
1
Calculate 4 - (3 + 1) - -2.
2
What is -3 + 0 + 2 + 2 + -7?
-6
2 - 0 - (69 + -73)
6
What is the value of -10 + 13 + 2 + -7?
-2
What is 2 - (-4 - (5 + -3 + -7))?
1
Calculate 3 + -3 + (7 - (8 + -3)).
2
What is the value of (-8 - -11 - 15) + 7?
-5
What is the value of (-10 - -9) + (-4 - -2 - 2)?
-5
Evaluate (3 + -7 + 3 - -1) + -1.
-1
What is the value of 6 - 0 - (-1 + 4 - 1)?
4
Calculate -2 + 5 + 2 + 0 + -2.
3
What is -6 + 1 - (7 + 15 + -28)?
1
Calculate 0 + (-6 - (1 + -3)) - 1.
-5
Evaluate -5 - (4 + (-11 - -4)).
-2
Calculate 1 + 5 + -3 + 0 - -1.
4
Calculate 2 + (0 - -3) + (5 - 6).
4
What is the value of -1 - 4 - (-4 + -1 + -5)?
5
Evaluate -7 + (-3 - -5) + 3.
-2
What is the value of 2 + (-4 - -6 - 6 - -2)?
0
Calculate 3 + -4 + 4 - -1.
4
-187 - -175 - (-19 - -1)
6
Calculate 2 - (4 + -3 - 2 - -1).
2
What is -2 + 7 + -1 + -3 + 4?
5
What is the value of (-6 - -6) + 4 + -5 + 0?
-1
What is 1 + -2 - (-1 + (4 - 2))?
-2
What is 1 + -2 - -3 - 1 - -3?
4
Calculate -7 + 1 + -6 + 8 + 2.
-2
Calculate (-12 - -9 - -4) + -2.
-1
Evaluate 2 + -8 + 12 + -13.
-7
What is 0 + 2 + (-1 - 4)?
-3
Evaluate 1 - -1 - (2 - (2 + -1)).
1
What is the value of (2 - 4) + 3 - -1?
2
What is the value of 4 + -4 + -4 + -3 + 14?
7
Evaluate (-3 - (5 + -10)) + -1.
1
Calculate 3 + -1 + (-3 + 2 - 2).
-1
What is (14 - -1) + 0 - 12?
3
What is the value of -11 + 4 + -1 + 3 - 6?
-11
Calculate -7 + (-5 + 7 - -2).
-3
(2 - (2 - 4)) + 15 + -18
1
What is 6 + -9 - ((-2 - 3) + 4)?
-2
What is the value of (55 - 49) + (0 - 0)?
6
What is the value of -2 + -7 - (-16 - -14)?
-7
Calculate (-13 - (-6 + -1)) + 1 + 2.
-3
What is the value of 9 - (13 - 6 - -8)?
-6
What is the value of -119 - -119 - (0 - 5 - 1)?
6
What is 4 - (2 + -6 - -7)?
1
What is the value of 0 + (-1 - (5 - 4 - -1))?
-3
Calculate (-3 - -6) + -8 + 6.
1
(-4 - (1 - 9)) + -1 + -7
-4
Calculate 2 + 1 - (1 + 4).
-2
What is 1 + (3 + (1 - 2) - 0)?
3
-69 - -65 - (9 - 0) - -4
-9
Evaluate 0 + (4 - -3) + -1 + -4.
2
What is 9 + 2 + -8 + -4?
-1
What is the value of 3 - (11 - 6) - 1?
-3
Evaluate 3 + -9 + 17 - 16.
-5
-8 - -8 - (-7 - -2)
5
Calculate -8 + (3 - 2) - (-1 + -1).
-5
What is 1 + (-3 - -6) - 0?
4
What is the value of 6 + (-9 - 4) + 1 + 3?
-3
0 - 3 - (-7 - -2)
2
-6 + (9 - 2 - 4)
-3
Evaluate (-6 + 7 - 0) + 5 + -1.
5
What is the value of 2 - (4 - -2 - 2)?
-2
(2 - 6) + (-1 - -5) + 4
4
-11 - (-3 - (-7 + 12))
-3
What is the value of (45 - 54) + 8 + -2?
-3
What is the value of 1 + (-1 - (3 - 1))?
-2
What is ((8 - 5) + -1 - -1) + 0?
3
-1 + -5 + (63 - 54)
3
Calculate 1 - (9 + -12 + 7).
-3
-2 + (-6 + 3 - -5) + -1
-1
What is 1 + -5 + (6 - -1)?
3
Evaluate 12 - (-1 + 1 + 2 + 5).
5
Calculate 15 - (13 - 5) - 10.
-3
Evaluate -1 + 7 + 4 + -6.
4
What is the value of -4 - 4 - (-13 - -5)?
0
What is the value of (-8 - -7) + -5 - -4?
-2
What is -4 + 3 + 0 + 4?
3
Calculate 2 + -6 - (0 - 0 - 5).
1
Evaluate (-1 - -2) + (-3 - -3).
1
2 - ((1 - 1 - -1) + 3)
-2
What is -5 + 1 + -12 + 13?
-3
What is 2 - (2 + (0 - 3 - -1))?
2
Calculate 17 - (-10 + 5 + 14).
8
What is (0 - 10) + (-87 - -93)?
-4
(-11 - -11 - -11) + -18
-7
Evaluate -2 + (2 + 0 - -2).
2
What is 10 - 0 - (7 + 3 - 6)?
6
Calculate -2 + 3 - 3 - -3.
1
(-2 - 5) + 87 + -80
0
What is the value of 2 + 1 - (-4 + 7 - 4)?
4
(-4 - (-5 + -2)) + -9 + 2
-4
Evaluate -2 + (6 - 12) + 1.
-7
(2 - 6 - -4) + (2 - 0)
2
Calculate -8 + 1 - (-9 + (2 - -4)).
-4
Evaluate 4 - (3 + (3 - (-6 + 15))).
7
Calculate -2 + (-2 - -2 - 0).
-2
Evaluate -5 - (-8 + 4 + 3).
-4
What is the value of -5 + (8 + -3 - 3) - -7?
4
What is the value of -8 + (-12 - -29 - 1)?
8
Calculate 7 + (-3 + -1 - -1) + 1.
5
Calculate 2 + (-4 - -2 - 0) + -2.
-2
What is 0 + 1 - -1 - (-10 + 17)?
-5
Calculate 7 + (7 - (3 + 3 + 4)).
4
Calculate -2 + 1 + -1 - (-76 + 77).
-3
What is 10 - 5 - (1 - -2)?
2
3 - (-12 - -12 - 1)
4
What is 8 + (-22 + 3 - -7)?
-4
What is the value of (-4 - 3) + 7 - (1 + 1)?
-2
Evaluate 1 + (5 - -2) + -5.
3
Evaluate 2 - 3 - 1 - -5.
3
Evaluate 4 - 0 - (-26 - -25).
5
Evaluate 3 + (4 - (1 + 3) - -1).
4
Evaluate -29 + 27 + (0 - -7) - 4.
1
What is the value of -1 + -4 + 5 + 4?
4
What is the value of -9 - -4 - (-11 - -5) - 1?
0
What is 0 + 10 + (16 - 24)?
2
Evaluate -3 + -4 + 7 + -4 + -1.
-5
Evaluate 3 - (2 - 0) - 1.
0
What is the value of (-8 + 15 - 7) + 3 + 1?
4
What is -16 + 10 + (2 - -4)?
0
Evaluate 1 + (6 - 0) + -8.
-1
What is 3 - (5 + 1) - -8?
5
(0 - 1) + 5 - (0 - 0)
4
What is the value of (-4 - (7 + -13)) + 0 + -7?
-5
Calculate (-4 - (-7 - -8)) + 1.
-4
Evaluate 0 + 2 + 2 + 0.
4
Evaluate 5 - (0 + -2 + 4 + 0).
3
What is the value of -8 + (17 - -1) + -14?
-4
What is the value of 4 - 3 - (2 - -4)?
-5
-9 + 6 - 8 - -6
-5
-5 + 3 + 0 + 0
-2
Evaluate 14 + -1 + -63 + 55.
5
Evaluate 15 - 18 - ((1 - 1) + -4).
1
Calculate (0 - -4) + (-5 - -5).
4
What is the value of 7 + 1 + (-16 - -14) + -10?
-4
What is 14 + (-1 - (2 - -5))?
6
Evaluate -4 - (5 - 9 - (0 - 2)).
-2
0 + (8 - 16) - -8
0
What is the value of 4 - ((3 - 4) + 2) - 6?
-3
Evaluate -4 + 0 + -3 + -6 + 9.
-4
Evaluate 4 + -4 + (2 - -2).
4
Evaluate -2 + 3 + -7 + (19 - 5).
8
What is the value of -5 - (-13 - 0) - 8?
0
What is 1 - 3 - ((3 - -3) + -11)?
3
(-10 - (-4 - (0 + -3))) + 4
-5
Evaluate 13 + (-25 - -12 - 9).
-9
7 - (-6 - (-9 - 0))
4
Evaluate -5 + 4 - (-16 + 17).
-2
What is the value of 0 + 7 - (-3 - (-7 - -2))?
5
(6 - 7) + -4 + -3 - -1
-7
-2 + (0 - 1 - (5 + -5))
-3
Evaluate (-3 - (4 - 5)) + -18 + 15.
-5
What is -2 + 4 + (-1 - -2)?
3
Evaluate 2 + -6 + 9 + -3.
2
What is the value of -12 - (-3 - -2) - -15?
4
What is the value of 9 - 13 - (-8 - -2) - -6?
8
Calculate 8 + -5 + -1 + -1.
1
-2 - -1 - ((17 - 8) + -9)
-1
Calculate 10 - 14 - (2 - 11).
5
What is -1 - (2 + (-1 - -2) + 0)?
-4
Evaluate (1 - 2) + 2 - (5 + -9).
5
Evaluate -2 + -7 + 4 + -4.
-9
Calculate 0 + (-7 - (-13 - -10)).
-4
What is (-4 - (-11 - -3)) + -9 + 2?
-3
Evaluate (-1 - -3) 